 What are the prime factors of (-41)/(-3)*(9 - n)?
41
Let y(w) = w**3 + 6*w**2 + w + 11. Let r be y(-6). Suppose -4*i = 0, 0*o + 3*i = -r*o + 270. List the prime factors of o.
2, 3
Let l(q) = -482*q - 165. What are the prime factors of l(-6)?
3, 101
Let t be (-70)/(-3)*189/9. Let w = t - 346. What are the prime factors of w?
2, 3
Let n = -89 + 153. What are the prime factors of n?
2
Suppose 0 = -5*z + 15, -2*z = 4*m + 2*z - 24. Suppose 69 = 13*w - 139. Suppose 8 = d + 3*l, -m*l + 12 = 5*d - w. List the prime factors of d.
5
Suppose -4*o = -b - 10, -3 = 3*o - 4*b - 4. Suppose -5*m + 195 = o*r - 436, m - 416 = -2*r. What are the prime factors of r?
3, 23
Let q(c) = -c**3 - 8*c**2 + 10*c - 9. Let l be q(-9). List the prime factors of 38/2 + l/(-6).
2, 11
Let l be (72/(-15))/(21/(-70)). Suppose -15*t = -l*t + 45. List the prime factors of t.
3, 5
Let u(v) be the third derivative of 19*v**5/30 + 5*v**4/6 - v**3/3 + v**2. List the prime factors of u(-3).
2, 5, 7
Let i be (-1)/((-6)/9) + (-4)/(-8). What are the prime factors of (-3 + (i - -2))/((-4)/(-316))?
79
Let z(b) = 13*b - 23. Let l(g) = -9*g - 37. Let f be l(-5). List the prime factors of z(f).
3
Suppose 372 = -3*a - 939. Let r = -301 - a. What are the prime factors of r?
2, 17
Let d = -37 + 25. Let h be -124*(2 + d/8). Let c = 93 + h. List the prime factors of c.
31
Suppose -5*m - 5322 = -8*m + 3*g, 5*m = -3*g + 8862. List the prime factors of m.
3, 197
Suppose 3*s - 668 = 5*u, -4*s + u - 929 = -8*s. Let n = s + -43. List the prime factors of n.
2, 47
Let h(k) = k**2 - k + 1. Let q(y) = -y**2 - 2*y - 8. Let t(c) = 2*h(c) + q(c). Let l be t(5). List the prime factors of (2 + l)/(1/30).
2, 3, 5
Suppose 4*a - 2*a - 189 = -5*m, a - 62 = 4*m. List the prime factors of a.
2, 41
Let d(h) = -h + 12. Suppose -3*a = 5*k - 12, 5*k - 2*a - 2*a = -16. Let y be 6/15*(25 - k). What are the prime factors of d(y)?
2
Suppose 2*b = 4*l + 12, 0*b = 4*b - 3*l - 4. Let d be 2*(-7)/(-2) - 0/2. Let g = d + b. List the prime factors of g.
5
Let d = -125 - -310. List the prime factors of d.
5, 37
Suppose 24*z - 20*z = 2340. List the prime factors of z.
3, 5, 13
Let g = 40 - 35. Suppose -g*f + 2*f = -126. List the prime factors of f.
2, 3, 7
Let n(u) = u**3 + 4*u**2 + 28*u - 7. List the prime factors of n(7).
2, 7, 13
Let p(v) = 31*v**2 - 4*v + 8. What are the prime factors of p(4)?
2, 61
Let c = -1194 - -1725. List the prime factors of c.
3, 59
Let s(y) = -y**2 - 7*y + 18. Let l be s(-9). Suppose l*o + 66 = 3*o. What are the prime factors of o?
2, 11
Let b(i) = -4*i**3 - 60*i**2 - 53*i - 27. Let s(x) = -x**3 - 15*x**2 - 13*x - 7. Let q(z) = 2*b(z) - 9*s(z). What are the prime factors of q(-13)?
2, 3, 17
Suppose 4*k = -4*o + 2*k + 10, -5*o + 16 = -k. Let f(r) = -r**2. Let d(t) = t**3 + t**2 - 11*t + 4. Let v(y) = o*f(y) - d(y). List the prime factors of v(-6).
2
Let w(f) = -f + 1. Suppose -2*x + 10 = 3*x + 5*v, -3*x - 22 = -4*v. Let t be w(x). Suppose 61 + 59 = t*j. List the prime factors of j.
2, 5
Suppose 5*f - 2*c + 30 = 3*c, 5*c - 27 = 2*f. Suppose -m - 9 = -2*x, -5*m - 14 + 53 = 4*x. Let t = x + f. List the prime factors of t.
5
Let r = -1644 + 3442. List the prime factors of r.
2, 29, 31
Suppose z + 67 = 5*r - 0*r, -3*r = -5*z - 269. Let b = z + 60. List the prime factors of b.
2
Let o(y) = 2*y**2 - 5*y + 116. What are the prime factors of o(0)?
2, 29
What are the prime factors of 3514/10 + (-8)/20?
3, 13
Let u(w) = 17*w**2 - 14*w + 6. What are the prime factors of u(-5)?
3, 167
Let y = -32 - -35. Suppose y*l = -l + 212. What are the prime factors of l?
53
Let w = 1080 - 706. List the prime factors of w.
2, 11, 17
Suppose -o = r - 256, -4*r = 3*o - 529 - 500. What are the prime factors of r?
3, 29
Let u(r) = r**2 + 11*r - 11. Let w be u(-12). Let t be 6 + -4 + (-9 - w). Let m(f) = f**2 + 10*f + 20. What are the prime factors of m(t)?
2
Let b(g) = 22*g**2 + 24*g + 12. List the prime factors of b(-6).
2, 3, 5, 11
Let a(l) = -l**3 - l**2 - 25*l + 3. What are the prime factors of a(-7)?
2, 59
Suppose -h = -4*z - 0*h + 21, 5*h = 3*z - 20. Suppose -z*s + 31 + 814 = 0. List the prime factors of s.
13
Let d = 1 + 3. Suppose 5*o - 5*u - 5 = -0*u, -o - 3 = -2*u. Suppose 0*w + 147 = 2*w - o*t, -d*t = -w + 81. What are the prime factors of w?
61
Let x = -383 + 840. What are the prime factors of x?
457
Let z = 30 - 34. What are the prime factors of (-146)/(-3) + z/6?
2, 3
Suppose 0*t - 2*t + 14 = -2*q, -4*t = -8. Let f(i) = -39*i - 6. What are the prime factors of f(q)?
3, 7
Let z(i) = -i - 1. Let u be z(-3). Suppose 82 = u*f + 26. List the prime factors of f/(-8)*(-1 + -1).
7
Suppose -4*q + 5*c + 1704 = 0, 2*q - 3*c = -2*c + 858. What are the prime factors of q?
431
Suppose -58 = -3*z + 3*q - 5*q, -q = 1. Suppose 4*g = z, 2*d + 2*d + g - 65 = 0. List the prime factors of d.
3, 5
Let k(v) = -v**2 + 16*v + 2. Let r be k(16). Suppose r*g = -0 - 46. Let y = g + 63. List the prime factors of y.
2, 5
Suppose y - 9 + 8 = 0. What are the prime factors of ((-6)/(-24))/(y/4) - -152?
3, 17
Let g = 181 - -396. List the prime factors of g.
577
Suppose 12 = -o - 21. Let y = 151 + o. List the prime factors of y.
2, 59
Suppose 128*z = 150*z - 4048. List the prime factors of z.
2, 23
Suppose 0 = -i - 3*p + 102, -133 = 3*i + 3*p - 469. Let j = i + -61. List the prime factors of j.
2, 7
Let q(n) = -11*n + 41. List the prime factors of q(-3).
2, 37
Let r be (42/49)/(1/(-7)). Let t = r + 8. Suppose -t*s + 4*s - 89 = -3*w, -155 = -5*w - 5*s. List the prime factors of w.
3
Let b = 91 + 123. What are the prime factors of b?
2, 107
Let r = 955 - 453. What are the prime factors of r?
2, 251
Let t = -1065 - -1791. What are the prime factors of t?
2, 3, 11
Let c(f) = -3*f - 34. Let q be c(-13). Suppose 266 + 934 = q*x. What are the prime factors of x?
2, 3, 5
Let s(w) = -2*w - 18. Let m be s(-9). Suppose -3*d + m*d = 27. What are the prime factors of (-4)/(-12) + (-420)/d?
47
Let p(o) = o**3 - 18*o**2 - 20*o + 22. Let s be p(19). Let b be 1 - -3*s/9. Suppose -130 = -b*u + m - 30, 0 = -2*u + 5*m + 92. List the prime factors of u.
3, 17
Let p(w) = -w**3 + 14*w**2 + 31*w - 40. What are the prime factors of p(15)?
2, 5
Let y = -51 + 125. Let m = y - 45. Let v = m + -14. What are the prime factors of v?
3, 5
Suppose 2*w + 10 = -0*s + 4*s, 2*s + w = -5. Suppose -4*i + 93 + 283 = s. List the prime factors of i.
2, 47
Suppose -112*m + g = -117*m + 6515, -1297 = -m + g. List the prime factors of m.
2, 3, 7, 31
Suppose -11*b = -1050 - 6782. List the prime factors of b.
2, 89
Suppose 607 + 257 = 3*l. Suppose 3*o + 141 = -j + 377, 4*o - 4*j - l = 0. What are the prime factors of o?
7, 11
List the prime factors of 407/(-8*(-3)/48).
2, 11, 37
Let n = -774 + 1897. List the prime factors of n.
1123
Let a = 6898 - 3902. What are the prime factors of a?
2, 7, 107
Let a = -88 - -21. Let j = a - -112. What are the prime factors of j?
3, 5
Suppose n = o + 5, -6*o = n - 4*o - 2. Suppose -108 = -n*t + 424. Let h = -84 + t. What are the prime factors of h?
7
Suppose -4369 = -9*q - 1579. List the prime factors of (q/(-40))/((-2)/8).
31
Let i be (2/(-3) - -2)*(-1575)/(-14). Let u = 264 - i. List the prime factors of u.
2, 3, 19
List the prime factors of 20*(17 + (-6)/2).
2, 5, 7
Suppose -2*l = 2*n - 784, 3*n + 8*l - 1211 = 12*l. What are the prime factors of n?
397
Suppose -l = -19 + 45. Let q = 85 - l. List the prime factors of q.
3, 37
Let k = -67 + 114. Suppose 41 + k = 2*w. What are the prime factors of w?
2, 11
Let h(d) = -2*d - 2. Suppose -5*n + 195 = 5*w, 4*n + 10*w - 153 = 5*w. Let r be (-12)/n - (-47)/(-7). What are the prime factors of h(r)?
2, 3
Suppose c + 3*r + 0 - 3 = 0, -3*r + 3 = -2*c. Let b(l) = 6*l - 13*l + 8*l - 2*l + 61. List the prime factors of b(c).
61
Let p be 3*136*4/6. Suppose 7*m - 3*m - p = 0. Suppose 9*g = 5*g + m. What are the prime factors of g?
17
Let r be (54/(-12) + 3)*(-4)/2. Suppose -2*m + 416 = -r*i, 4*m = -m - 5*i + 990. What are the prime factors of m?
2, 101
Let v = -72 - -184. Suppose -b = -104 - v. What are the prime factors of b?
2, 3
Let j = -830 - -3622. What are the prime factors of j?
2, 349
Let i(p) = 366*p - 60. List the prime factors of i(2).
2, 3, 7
Let b be (-2)/(1*4/(-6)). Suppose 0 = -b*i - i + 12. List the prime factor